 123310 is divided by 83.
55
What is the remainder when 6381 is divided by 3150?
81
What is the remainder when 4535 is divided by 100?
35
Calculate the remainder when 279185 is divided by 21.
11
Calculate the remainder when 535 is divided by 176.
7
What is the remainder when 46716 is divided by 525?
516
What is the remainder when 196260 is divided by 65407?
39
Calculate the remainder when 18534 is divided by 9258.
18
What is the remainder when 33875 is divided by 968?
963
What is the remainder when 30574 is divided by 2779?
5
Calculate the remainder when 19194 is divided by 3190.
54
Calculate the remainder when 93853 is divided by 167.
166
What is the remainder when 247757 is divided by 148?
5
What is the remainder when 519498 is divided by 250?
248
What is the remainder when 24316 is divided by 64?
60
Calculate the remainder when 691444 is divided by 489.
487
Calculate the remainder when 106383 is divided by 933.
21
Calculate the remainder when 160365 is divided by 322.
9
What is the remainder when 393 is divided by 373?
20
What is the remainder when 4315 is divided by 242?
201
Calculate the remainder when 14134 is divided by 67.
64
What is the remainder when 1018 is divided by 91?
17
What is the remainder when 19469 is divided by 118?
117
What is the remainder when 85462 is divided by 6?
4
What is the remainder when 311204 is divided by 141?
17
What is the remainder when 26457 is divided by 420?
417
What is the remainder when 31891 is divided by 708?
31
What is the remainder when 1811 is divided by 365?
351
What is the remainder when 25450 is divided by 14?
12
What is the remainder when 26618 is divided by 153?
149
What is the remainder when 9426 is divided by 473?
439
Calculate the remainder when 78314 is divided by 18.
14
Calculate the remainder when 105587 is divided by 105580.
7
Calculate the remainder when 3364 is divided by 2937.
427
What is the remainder when 325801 is divided by 7946?
15
What is the remainder when 3593 is divided by 232?
113
What is the remainder when 279 is divided by 259?
20
Calculate the remainder when 3083 is divided by 1397.
289
Calculate the remainder when 9323 is divided by 4652.
19
Calculate the remainder when 15704 is divided by 103.
48
What is the remainder when 89488 is divided by 175?
63
Calculate the remainder when 4264 is divided by 1420.
4
What is the remainder when 1325 is divided by 657?
11
What is the remainder when 1088441 is divided by 544212?
17
Calculate the remainder when 23090 is divided by 52.
2
Calculate the remainder when 26248 is divided by 525.
523
Calculate the remainder when 2866 is divided by 69.
37
What is the remainder when 10557 is divided by 170?
17
Calculate the remainder when 2191831 is divided by 67.
60
What is the remainder when 7590 is divided by 381?
351
Calculate the remainder when 49677 is divided by 98.
89
What is the remainder when 425963 is divided by 3704?
3
Calculate the remainder when 10673 is divided by 381.
5
Calculate the remainder when 599016 is divided by 29.
21
What is the remainder when 729 is divided by 74?
63
What is the remainder when 668 is divided by 54?
20
Calculate the remainder when 30989 is divided by 30.
29
Calculate the remainder when 393136 is divided by 819.
16
Calculate the remainder when 213593 is divided by 67.
64
What is the remainder when 5158 is divided by 59?
25
Calculate the remainder when 67266 is divided by 155.
151
What is the remainder when 9193 is divided by 78?
67
What is the remainder when 2439 is divided by 2188?
251
What is the remainder when 594506 is divided by 12924?
2
What is the remainder when 93799 is divided by 579?
1
What is the remainder when 7757 is divided by 1104?
29
Calculate the remainder when 40119 is divided by 4.
3
Calculate the remainder when 2910 is divided by 262.
28
Calculate the remainder when 27584 is divided by 3.
2
What is the remainder when 38705 is divided by 24?
17
Calculate the remainder when 51555 is divided by 17185.
0
What is the remainder when 2276 is divided by 324?
8
Calculate the remainder when 316 is divided by 83.
67
What is the remainder when 1287 is divided by 188?
159
Calculate the remainder when 27746 is divided by 333.
107
What is the remainder when 566278 is divided by 440?
438
Calculate the remainder when 139098 is divided by 786.
762
Calculate the remainder when 8635 is divided by 135.
130
What is the remainder when 4564 is divided by 4541?
23
Calculate the remainder when 11934 is divided by 702.
0
Calculate the remainder when 35842 is divided by 130.
92
What is the remainder when 1270 is divided by 119?
80
What is the remainder when 31134 is divided by 28?
26
Calculate the remainder when 424 is divided by 290.
134
Calculate the remainder when 5139 is divided by 1239.
183
What is the remainder when 9654 is divided by 3189?
87
What is the remainder when 2337 is divided by 385?
27
Calculate the remainder when 210 is divided by 14.
0
What is the remainder when 2469 is divided by 36?
21
What is the remainder when 2849308 is divided by 45?
43
Calculate the remainder when 33412 is divided by 6651.
157
What is the remainder when 6646 is divided by 366?
58
Calculate the remainder when 2483 is divided by 120.
83
Calculate the remainder when 21854 is divided by 91.
14
What is the remainder when 189396 is divided by 203?
200
What is the remainder when 13678 is divided by 228?
226
What is the remainder when 103987 is divided by 51?
49
What is the remainder when 1505 is divided by 251?
250
Calculate the remainder when 155533 is divided by 417.
409
What is the remainder when 321834 is divided by 244?
242
Calculate the remainder when 18138 is divided by 370.
8
What is the remainder when 26730 is divided by 1225?
1005
Calculate the remainder when 229 is divided by 97.
35
What is the remainder when 39709 is divided by 6617?
7
What is the remainder when 2080 is divided by 305?
250
What is the remainder when 1602 is divided by 94?
4
What is the remainder when 53243 is divided by 204?
203
Calculate the remainder when 781805 is divided by 569.
568
Calculate the remainder when 53879 is divided by 1120.
119
Calculate the remainder when 31859 is divided by 90.
89
Calculate the remainder when 188 is divided by 58.
14
What is the remainder when 9867 is divided by 57?
6
Calculate the remainder when 108137 is divided by 23.
14
Calculate the remainder when 30491 is divided by 10133.
92
Calculate the remainder when 17025 is divided by 233.
16
Calculate the remainder when 2775 is divided by 251.
14
What is the remainder when 1911 is divided by 609?
84
Calculate the remainder when 456663 is divided by 249.
246
What is the remainder when 26999 is divided by 118?
95
What is the remainder when 55748 is divided by 101?
97
What is the remainder when 17125 is divided by 8241?
643
What is the remainder when 72012 is divided by 17?
0
Calculate the remainder when 4712 is divided by 34.
20
Calculate the remainder when 198791 is divided by 22.
21
What is the remainder when 65596 is divided by 5461?
64
What is the remainder when 513688 is divided by 419?
413
Calculate the remainder when 21916 is divided by 174.
166
What is the remainder when 1227 is divided by 410?
407
Calculate the remainder when 9018 is divided by 2235.
78
Calculate the remainder when 68184 is divided by 10.
4
Calculate the remainder when 49130 is divided by 184.
2
What is the remainder when 10368 is divided by 2580?
48
What is the remainder when 69598 is divided by 29?
27
Calculate the remainder when 116079 is divided by 40.
39
What is the remainder when 29926 is divided by 2992?
6
What is the remainder when 793 is divided by 283?
227
Calculate the remainder when 124654 is divided by 157.
153
What is the remainder when 68624 is divided by 1345?
29
Calculate the remainder when 381740 is divided by 797.
774
Calculate the remainder when 122908 is divided by 13655.
13
What is the remainder when 500 is divided by 421?
79
What is the remainder when 299715 is divided by 99877?
84
Calculate the remainder when 20240 is divided by 166.
154
Calculate the remainder when 24455 is divided by 4075.
5
Calculate the remainder when 49679 is divided by 345.
344
Calculate the remainder when 73672 is divided by 41.
36
What is the remainder when 149735 is divided by 196?
187
C